84)/14. Suppose -k*s + 0*s + 48 = 0. List the prime factors of s.
2, 3
Suppose 0 = -r - 3*z - 3, -1 = 4*r + 5*z - 3. Suppose 3*v = 3*f + 18, -4*v + r*v = 3*f - 6. What are the prime factors of v?
2, 3
Let v(i) = i**3 - 2*i**3 - 8 + i - i - i - 14*i**2. What are the prime factors of v(-14)?
2, 3
Let m be (-4 + 1)*140/30. Let x = 19 + m. What are the prime factors of x?
5
Suppose 0 = k + 5*z - 57, -2*z + 6 - 63 = -k. What are the prime factors of k?
3, 19
Suppose -4*o - 2*l = -592, l - 4*l - 751 = -5*o. What are the prime factors of o?
149
Suppose -4 = -l + 39. List the prime factors of l.
43
Let g(f) = f**3 - 10*f**2 + 7*f + 12. Let d be g(9). Let c = -42 - d. List the prime factors of (-2*1)/(8/c).
3
Let o(j) = j**3 - 11*j**2 + 6*j + 1. List the prime factors of o(11).
67
Suppose -x + 2*o + 7 = -5, -5*x - 5*o = -120. Let g = 34 - x. List the prime factors of g.
2, 7
Suppose 4*p - 4 = 8. List the prime factors of p.
3
Suppose 0 = -t + 5 - 1. Let k be (-1)/(-4) - 5/t. List the prime factors of k/(-3) + (-32)/(-3).
11
Let k = -90 + 103. List the prime factors of k.
13
Let s(n) = 3*n + 36. What are the prime factors of s(24)?
2, 3
Let v(p) = -p**2 + 17*p - 21. What are the prime factors of v(10)?
7
Let k(m) = m**3 + 4*m**2 - 4*m + 5. Let i be k(-5). Suppose j + i*j = 11. What are the prime factors of j?
11
Let z(l) = -19*l + 2. Let h be z(1). Let j = -9 - h. List the prime factors of j.
2
Suppose -5*o - g + 448 = 0, -19 = -o - g + 69. Suppose 2*x - o = 20. Suppose 5*j + 2*c - x = 7, -4*c + 40 = 3*j. List the prime factors of j.
2, 3
Suppose 3*b - 2*f = -6 - 14, -3*b - 14 = -5*f. What are the prime factors of b/44 + (-686)/(-22)?
31
Let z(s) = s**2 + s - 4. Let n be z(-6). Suppose -4*v = -3*h - 6, -4*h + n = 3*v + 9. Suppose v*j = -2*j + 10. List the prime factors of j.
2
Let f(s) = s**3 - 34*s**2 + 68*s + 1. What are the prime factors of f(32)?
3, 43
Let u(x) = 7*x**3 - 4*x + 1. What are the prime factors of u(2)?
7
Suppose n + 5*q = 4, n - 2*q - 3*q = -46. List the prime factors of n/(-3) + 1 + -3.
5
Suppose 0 = -c + 2, 3*b - 63 = 3*c - 0*c. Suppose 0 = 4*f + 4*d - 12, -3*f = 2*f + d - b. What are the prime factors of f?
5
Let b be ((-6)/(-18))/((-1)/(-9)). Let n be (39/(-2))/(-3)*2. Suppose b*y + n = -5*h, h - 1 + 22 = 4*y. List the prime factors of y.
2
Suppose 19 = -4*x + 47. Suppose o + 6 = 2*n - 2*o, -4*n = -2*o - 4. Suppose n = -x*j + 5*j + 8. List the prime factors of j.
2
Suppose x = 6*x - 255. Let n = -36 + x. What are the prime factors of n?
3, 5
Suppose 0 = 3*i - 3*q - q - 38, 0 = -4*i + 2*q + 44. Let d = -5 + i. List the prime factors of d.
5
Let i = 10 + -5. Let x = i - 1. Suppose -b + x = b. List the prime factors of b.
2
Suppose 0 = -7*p + 4*p + 159. What are the prime factors of p?
53
What are the prime factors of ((-454)/(-4))/((-7)/(-14))?
227
Let n(p) = p**2 - 5*p - 2. What are the prime factors of n(6)?
2
Suppose 0*b = b - u + 8, b - 5*u + 20 = 0. Let o be -1 + b + 0 + 3. What are the prime factors of 3/(-9)*o + 1?
2
Suppose 0*m - 2*m + 2 = 0. Let d be (-2)/(-4) - (-3)/(-2). List the prime factors of m - (d + 2*-4).
2, 5
Let f = -22 + 89. List the prime factors of f.
67
Let k be (0 + 1)/(5/140). Suppose 4*r = k + 40. List the prime factors of r.
17
Suppose 0 = -3*p + n + 7, -5 + 16 = 4*p - n. Suppose -4*d = 5*k - d + 25, 2*d = p*k - 2. Let m = 0 - k. List the prime factors of m.
2
Suppose 0 = 5*n + 55. Let v(o) = -o + 15. What are the prime factors of v(n)?
2, 13
Let q(d) = 4 + 0*d + 3*d - d. List the prime factors of q(5).
2, 7
Let b be (-4 + 0)/((-6)/9). List the prime factors of b/(-4)*(-20)/15.
2
Let o = 1 - 6. Let u be (-1)/3 - o/(-3). What are the prime factors of 6/3 + u + 3?
3
Let u(z) = -z**3 - 8*z**2 - 4*z + 15. List the prime factors of u(-8).
47
Suppose 10 + 2 = 3*m. Suppose -f - m = -2*f. What are the prime factors of f?
2
Suppose y + 4*y = 155. What are the prime factors of y?
31
Let m(h) = -5*h**2 + 13*h - 12. Let b(y) = 4*y**2 - 12*y + 11. Let x(o) = 6*b(o) + 5*m(o). Let w be x(5). List the prime factors of (1/(-2))/(3/w).
3
Let b(q) = 2*q - 11. Let t = -26 + 13. Let y = t + 21. What are the prime factors of b(y)?
5
Let k = 87 + -68. What are the prime factors of k?
19
Let u = -3 + 14. What are the prime factors of u?
11
Suppose h = 6*h. Suppose -f + 6*f + 20 = h, -5*k + 75 = -5*f. What are the prime factors of k?
11
Let a(v) = 8*v - 4. Let m be a(2). Let w = m - -2. What are the prime factors of w?
2, 7
Let z be (-8)/(-5) - 14/(-35). Suppose -z*f + 25 = -43. List the prime factors of f.
2, 17
Suppose n + 10 = s + 4*n, s - n - 2 = 0. Suppose -j - 3*p = -8, -j = s*p + 4 - 14. Suppose -72 = -4*z + 5*x, 4*x = j*z + z - 54. List the prime factors of z.
2, 3
Let q(g) = -g**3 + g + 40. What are the prime factors of q(0)?
2, 5
Suppose -3*k - 3*y + 853 = 223, -5*k + 1030 = y. List the prime factors of k.
5, 41
Let z = 0 + 2. Suppose z*k - 3 = 1. Suppose -3*l - 2*h = -5*l + 36, 4*l = k*h + 70. What are the prime factors of l?
17
Let z = -30 - -20. Let f be (-18)/z - 3/(-15). Let k = f - -11. List the prime factors of k.
13
Suppose -2*k - 9 = -3*d, 17 = 5*k + 5*d + 2. List the prime factors of (6 - (k + -3)) + -1.
2
Suppose -5*w + 30 = -0*w. Suppose 0 = -4*p - 3*j + 30, -3*p - 14 = -w*p + 2*j. Suppose y - 1 = -2*o, 5*y + 10 = o - p*o. List the prime factors of o.
3
Suppose 3*x + 2*x = -125. Let v = x + 48. What are the prime factors of v?
23
Let p(t) = t**2 + 13*t + 17. Let g be p(-12). Suppose -f + 4*i - 3 + 9 = 0, 0 = -g*f - 5*i + 80. What are the prime factors of f?
2, 7
Let t = 34 + -31. List the prime factors of t.
3
Suppose -g + 3*g - 8 = 0. Suppose -66 = -g*t + t. What are the prime factors of t?
2, 11
Let g be 7/((5 - 2)/(-3)). Let s = g + -1. Let r(k) = -k + 3. What are the prime factors of r(s)?
11
Suppose -3*z + 2*d = 1, 0 = -d + 2*d - 5. Suppose -2*k + z*v - 3 = -0, 2*k = -4*v + 18. Suppose 0*q + 21 = k*q. What are the prime factors of q?
7
Suppose -z - 4*z - 10 = 0. List the prime factors of (3 + z)/((-2)/(-30)).
3, 5
Suppose 0*q = q. Suppose q = -5*w + 6 + 84. What are the prime factors of w?
2, 3
Suppose -v = -5*f - 18, -2*v + 0*f + 12 = -4*f. What are the prime factors of (13 - 1)*v/(-2)?
2, 3
Suppose 4*x - 4 = -36. Let r = 22 + x. List the prime factors of r.
2, 7
Let g = -5 - -6. What are the prime factors of (28/8)/(g/2)?
7
Suppose -4*w - 2*x + 179 = x, 0 = 2*w - x - 77. What are the prime factors of w?
41
Let t(w) = w**2 - 3*w - 10. What are the prime factors of t(-3)?
2
List the prime factors of (-7)/(8 - 1) - (-315 - -1).
313
Let k(g) = -23*g**3 - 2*g**2 - g. Let f be 2*-2*(-2)/(-8). What are the prime factors of k(f)?
2, 11
Let j = 23 + -13. Suppose 2*f = 7*f - j. Suppose -f*q + 16 = 2*q. What are the prime factors of q?
2
Suppose -7*d + 3*d + 20 = 2*b, -5*d = 0. Suppose -b = -3*i + a + 3*a, 6 = 3*a. List the prime factors of i.
2, 3
Let p be 2/(-3)*(4 + -1). Let d be (-19)/(-7) + p/(-7). Suppose 20 = d*z - 4. List the prime factors of z.
2
Let f be (-1)/5 - (-1)/5. Suppose 0 = 2*q + 4*m - f + 2, -3*q = -m - 25. List the prime factors of 79/q + (-4)/14.
11
Suppose 2*v - 3 = 1. Suppose -v*l = 2*l - 84. What are the prime factors of ((-6)/(-18))/(1/l)?
7
Let s(v) = v**2 + v. Let x be s(0). Suppose 5*j + o + 4*o + 5 = 0, -2*o - 10 = x. Suppose 4*u = -0*k + 2*k - 2, 0 = j*k + 3*u - 37. List the prime factors of k.
7
Suppose i - 4 = -q, -i + q = -q + 8. Suppose -x = -i*x - 9. What are the prime factors of x?
3
Let z = -2 - -2. Let x(u) = -u + 11. What are the prime factors of x(z)?
11
Suppose 0 = -5*c - 5, 5*c - 4*c = -5*u + 229. List the prime factors of u.
2, 23
What are the prime factors of (776/5)/((-12)/(-210)*7)?
2, 97
Let u(g) = -g**3 + 6*g**2 - 4*g. Let l be u(5). Suppose -4*v = -l*v + 17. What are the prime factors of v?
17
What are the prime factors of -32*(-1 + -3)/4?
2
Suppose 7*n - 3*n - 24 = 0. Suppose -55 = -n*x + x. List the prime factors of x.
11
Suppose -50*f = -52*f + 214. What are the prime factors of f?
107
Let b = -62 + 26. Let l(z) = z**3 - z**2 - z - 50. Let n be l(0). Let u = b - n. What are the prime factors of u?
2, 7
Let g be (-6)/(-4) + (-55)/10. Let s(j) = -j**3 - 4*j**2 - 4*j - 1. What are the prime factors of s(g)?
3, 5
Let t = 11 - 11. List the prime factors of (-16